 Let u(d) = -7*d**2 + 5*d - 2. Let r(x) = -6*x**2 + 4*x - 1. Let v(g) = 6*r(g) - 5*u(g). Calculate v(s).
-8
Let x be ((-8)/(-28))/(2/14). Let p(h) = -2*h + 6*h - x*h**2 - 2*h + 5*h**3 - 1. Give p(1).
4
Let l(t) = -t**3 + 5*t**2 - t + 5. Let a = 10 - 5. What is l(a)?
0
Let f(i) = 3*i + 4. Let x be f(-3). Let z(m) = -m. What is z(x)?
5
Let k(w) = w - 6. Let l be k(3). Let t(i) = -4*i - 3. Let z(q) be the third derivative of 3*q**4/8 + 7*q**3/6 - q**2. Let x(d) = l*z(d) - 7*t(d). Give x(-4).
-4
Let a(i) = -7 + 0*i**2 + 4 - 5*i + 0*i**2 + i**2. What is a(5)?
-3
Let j be (3 + -2)/((-3)/(-9)). Let u(z) = -z**2 + 3*z - 2. Let v(g) = g - 1. Let a(y) = -u(y) - v(y). Give a(j).
0
Let x(a) be the first derivative of -a**2/2 - a + 1. Suppose -5*s - 5 = -5*p, 3*s + 0*p + p = -15. What is x(s)?
3
Let a(l) = l**3 - l**2 - 3*l + 3. Let k(u) = u + 3 - 8 + 2. Let r be k(7). Suppose 4*o = f + 12, -14 = -r*o - o + f. Calculate a(o).
1
Let c(q) = -3*q**3 - 8*q**2 + q - 15. Let i(s) = 7*s**3 + 15*s**2 - 2*s + 30. Let g(x) = -9*c(x) - 4*i(x). Give g(12).
3
Let t(c) = -c**2 - c - 1. Let g(a) = -2*a**2 - 10*a - 3. Let d(n) = -g(n) + 3*t(n). Give d(6).
6
Let o = -3 - -5. Let q(a) be the first derivative of a**4/4 + a**3/3 - 2*a**2 + 3*a + 20. Give q(o).
7
Let f(l) = l + 1. Let y be f(4). Let n(t) = 6*t**2 - t**3 - 16*t**2 + 2*t - 5 + 1 + 15*t**2. Determine n(y).
6
Let g(s) = -3*s + 4*s**2 + 1 - 5*s**2 + 0*s**2 + s**3. Calculate g(2).
-1
Let p(g) be the third derivative of -g**4/6 + g**3/6 - 3*g**2. Calculate p(-1).
5
Let t(j) be the second derivative of 7*j + 0*j**2 - 1/6*j**3 + 0. Determine t(-5).
5
Suppose -4*j = 2*l, -6 = -4*l - 5*j - 0. Let p(r) = 4*r**2 - 5*r - 5. Let h(n) = 11*n**2 - 14*n - 15. Let c(g) = -3*h(g) + 8*p(g). Determine c(l).
-3
Suppose 3*j = -2 + 14. Suppose p - 3 = j*p. Let n(x) = -4*x + 6 + 3*x - 7. Calculate n(p).
0
Let z(p) be the third derivative of p**5/15 + p**4/12 + 2*p**2. Give z(-2).
12
Let l(v) = 2 - 3*v**2 - 6 - 2*v**2 + v**3 + 6*v. Suppose x = 2*f - x - 10, -17 = -4*f + x. Calculate l(f).
4
Let m = 2 + 0. Let x(g) = -2 + 5 - 4 - 3*g + 4 - g**m. Let t = 2 + -7. What is x(t)?
-7
Let q(l) be the third derivative of -l**5/60 - l**4/3 - l**3 + l**2. Suppose 0 = -3*y + 4*y + 5. Determine q(y).
9
Let l = -8 - -9. Let j(i) = i - i - l - 5*i + i. What is j(1)?
-5
Let t(g) = -3*g + 8 + g - 10. Let x(d) = -d**3 + 3*d**2 + 4. Let m be x(3). Determine t(m).
-10
Let d = 26 - 20. Let j(r) = -14*r**3 + r**2 - 2*r + 32. Let h(z) = -5*z**3 - z + 11. Let u(q) = d*j(q) - 17*h(q). Let f = -2 + -3. Calculate u(f).
5
Let m(a) = -22*a**3 - a**2 + a - 1. Let t = -77 + 78. What is m(t)?
-23
Let z be (5/3)/(2/6). Let o = -1 - -3. Let r(g) = -z*g - g + 0*g + o*g + 1. Give r(1).
-3
Let d(g) = 3*g**2 + 0*g - g**2 + 0*g + 3*g. Determine d(-2).
2
Let g(q) = -8*q**3 + 14*q**2 - 14*q - 9. Let b(x) = 7*x**3 - 13*x**2 + 13*x + 8. Let c(v) = 7*b(v) + 6*g(v). Give c(6).
8
Let b(j) = 2*j**2 + 4*j + 3. Let k = 6 - 5. Let d be 1/(k*1/(-2)). Give b(d).
3
Let x(q) = -4*q - 11 + 7 + q. Suppose z + 1 = -3. Calculate x(z).
8
Let b be 76/(-12) - (-3)/9. Let k(p) = 4*p + 3 - p + 6. Calculate k(b).
-9
Let k(p) = -7*p**2 + 10*p + 12. Let c(r) be the second derivative of r**4/12 - r**3/6 - r**2/2 + 3*r. Let z(d) = 6*c(d) + k(d). Calculate z(6).
-6
Let v(o) be the second derivative of -o**8/6720 + o**7/2520 + o**6/360 - o**5/60 + o**4/4 + 2*o. Let m(y) be the third derivative of v(y). What is m(2)?
-2
Let k(f) = f**3 + 3*f**2 - 5*f + 1. Suppose 0 = -0*l - 5*l - 20. Give k(l).
5
Let s(x) = 0*x**2 - 6*x + 3*x - 4*x**2 + x**2. Calculate s(-2).
-6
Let i = 20 + -19. Let p(k) = -15*k + 1. Determine p(i).
-14
Let w(b) be the third derivative of b**6/120 + 7*b**5/60 + 7*b**4/24 + 5*b**3/6 - 2*b**2. Determine w(-6).
-1
Let y(x) = -11*x + 2. Let r(t) = -6*t + 1. Let a = -12 + 7. Let i(o) = a*r(o) + 2*y(o). Suppose 3*j - w = 3, 1 = 8*j - 7*j + 5*w. What is i(j)?
7
Let c(d) = 3*d - 1. Let p be c(1). Let a(h) = -h**2 - 7*h. Let m(x) = x**2 + 8*x - 1. Let g(f) = p*m(f) + 3*a(f). Let i be (-2 - 3)*(-1 + 2). Determine g(i).
-2
Let l(k) = k**3 + 9*k**2 - 13*k + 6. Let z be l(-10). Let p = 30 - z. Let r(x) = x**2 + 3*x - 1. Give r(p).
17
Let t(c) = 8*c + 1. Let s be t(-1). Let b(f) = -5 - 4 + f**3 + 6*f**2 - 8*f + 1. Let x be b(s). Let m(z) = 3*z**3 - 1. What is m(x)?
-4
Let c(k) = k**2 - 5*k - 2. Suppose 0 = 2*d + 2*a - 12, -d - 8*a + 10 = -5*a. Let q be d + (-1)/1 + 3. What is c(q)?
4
Let w = -5 + 9. Let p(s) be the second derivative of -s**5/20 + s**4/3 + s**3/2 - 5*s**2/2 + 19*s. Give p(w).
7
Let t(d) = -d**2 + d + 1. Let h(j) = -j**3 - 4*j**2 - 2*j + 6. Let g(y) = -h(y) - 4*t(y). What is g(-8)?
6
Let k(z) = -4*z + 7. Let n(v) = 12*v - 21. Suppose 0*f - 37 = 2*f + 3*d, 0 = -4*f - 2*d - 70. Let g(q) = f*k(q) - 6*n(q). What is g(5)?
-13
Let l be 4 + 12/(-4) - (-32)/4. Let q(y) = -y + 5. Determine q(l).
-4
Suppose 2*v - t = 1, -3*t - 33 = 4*v + 2*t. Let w be (v/(-1))/(4/(-6)). Let c be w/(-6) + (-1)/2. Let r(y) = y + 4. Determine r(c).
4
Let o(h) = h**2 - 3*h + 3. Let x(g) = g - 1. Let d(y) = -y + 2. Let t be d(-3). Suppose n = 3*n - 4. Let b(a) = n*o(a) + t*x(a). Give b(-2).
11
Suppose -d + 2*w + w = -15, 21 = 3*d - 3*w. Suppose -2*z = u - 2, -u - 7 = -d*u - z. Let r be -1 - -2 - (-1 + u). Let b(n) = -3*n - 3. Calculate b(r).
3
Let u(k) = -12*k**2 + 5*k - 4. Let m(h) = 3*h**2 - h + 1. Let p(s) = -9*m(s) - 2*u(s). Calculate p(-1).
-3
Suppose -7 = f - 4. Suppose -2*c - c = -9. Let o(j) = -2*j**2 - 2*j - 6. Let v(s) = 2*s**2 + s + 7. Let q(z) = c*v(z) + 4*o(z). Calculate q(f).
-6
Suppose 0 = 2*b - 0 + 12. Let i be (b/(-4))/(9/24). Let m(r) = -r**3 + 3*r**2 + 2. What is m(i)?
-14
Suppose 2*p = 2*t - 4, 2 + 0 = -5*p + 3*t. Let r = p - 0. Suppose 3*l + 12 = -7*n + r*n, 3*l = 2*n + 9. Let s(v) = -v**3 - 3*v**2 - 3*v - 3. What is s(n)?
6
Let l be 14 - (-3)/(1/1). Let p(i) = i + l - 8 - 10. Determine p(-4).
-5
Let v(t) = -2*t + 16. Let h(u) = -u + 5. Let p(x) = 7*h(x) - 2*v(x). Let n(j) = -j - 9. Let i be n(-8). Let a = 4 + i. Give p(a).
-6
Suppose -2*a = 5*m - 17, -3*m + 0 + 9 = 0. Let v = a - -4. Let w(h) = -2 - 3 + v + 1 - 5*h. Determine w(-1).
6
Let k(l) = -18*l**2 + 15*l**2 - l**3 + 2*l - 1 + 1. Give k(-4).
8
Let l(m) be the second derivative of -m**4/12 - m**3/3 - m**2/2 - 2*m. Let n = 14 + -6. Suppose n*s + 10 = 3*s. Calculate l(s).
-1
Suppose 3*s = -4*i + 4, 3*s = 2*s + 4*i - 20. Let p(v) = v**3 + 3*v**2 + v + 3. Give p(s).
-17
Let u(a) = -4*a**2 + 6*a**2 - 4*a**2 + 3*a**2 - 8*a - 1. Determine u(7).
-8
Let c(x) = -x**3 - 19*x**2 - 33*x + 28. Let w be c(-17). Let k(v) = v - 4. What is k(w)?
7
Let s(p) be the third derivative of -p**5/60 - p**4/12 - p**3/3 - 11*p**2. What is s(3)?
-17
Let k(u) = -u**3 - 4*u**2 + 5*u + 3. Suppose 5*s - 60 = 2*g - 7*g, 4*s - 5*g - 66 = 0. Let x be (-9)/2 - 7/s. Determine k(x).
3
Suppose 5*d - 6 + 1 = 0. Let v(s) = 2*s**3. Let f be v(d). Suppose -c + 2 = 0, 0*h - f*h - 4 = -3*c. Let j(m) = -8*m. Give j(h).
-8
Let n(d) = 2*d**2 + 9*d + 1. Let o be n(-5). Let s(p) = p**2 - 7*p + 4. Determine s(o).
-2
Let f = -7 + 6. Let a be 0/(-3)*f/(-1). Let i(z) = -5 - z**2 - z**3 + 0*z**3 + 2*z**3. What is i(a)?
-5
Suppose -3*n = n. Let x(d) = 2*d - d - 3*d + n*d + 7. Calculate x(6).
-5
Let o(h) = 3*h - 3. Let p = 29 - 27. Determine o(p).
3
Let k(w) = w**2 - 1. Let t(j) be the third derivative of j**5/15 + j**4/24 - 2*j**3/3 - j**2. Let f(u) = 9*k(u) - 2*t(u). Give f(3).
2
Let s be 1 + 3/(-4) + (-51)/(-68). Let c(h) = -63*h - 49. Let l(k) = -4*k - 3. Let z(x) = -3*c(x) + 49*l(x). Give z(s).
-7
Let a(b) = -2*b**2 - 3*b - 1. Let w be (-2 - -11)*(2/3 + -1). Give a(w).
-10
Suppose -4*w = -3*o + 25, -5*o - 2*w = -0*o - 7. Suppose 0 = r - o*r. Let b(g) = -g**2 - 3. Determine b(r).
-3
Suppose 0*i + 3*i = 0. Let g(m) = 10 + m**2 - 1 + 12*m + i*m**2 - 5*m. Calculate g(-6).
3
Let o(z) = -z**3 - 3*z**2 - z - 2. Let f be (-2 - (4 + -4)) + -1. Give o(f).
1
Let y(k) = -10*k - 5. Let q(m) = 2*m + 2*m + m - 3*m + 1. Let u(r) = 11*q(r) + 2*y(r). Determine u(5).
11
Let z(s) be the second derivative of s**3/3 + 9*s**2/2 + 3*s. Calculate z(-7).
-5
Let l(n) = -206*n**2 + 207*n**2 + 5 - 10*n + 6. Determine l(8).
-5
Let z = 0 + -1. Let u(i) = i + 10. Let a be u(-9). Let q(p) = -3*p**2 + 2*p - p + p + a - p. 